n factor of a and 5?
5
Let a be (-2 + 15/9)/((-24)/4680). What is the highest common divisor of 208 and a?
13
Let y(m) = m**2 - 2*m - 4. Let q be y(-2). Suppose 5*u - x = 115, 2*u - q*x = -u + 52. What is the greatest common factor of u and 8?
8
Suppose -3*a = -6*a - 3*y + 75, -5*y = a - 45. Suppose s = -t + 12, s - 4 = -t + 4*s. What is the highest common factor of a and t?
10
Let d = -42 + 70. Suppose -j + 252 = -0*j. Calculate the highest common divisor of d and j.
28
Let a be (-1)/(-2) + 27/2. Let q(m) = -m + 35. Let t be q(0). What is the highest common divisor of a and t?
7
Let t = 233 - 221. What is the highest common factor of 876 and t?
12
Suppose 34 = -3*c + 88. Let w be 12/8 + c/4. Calculate the highest common factor of w and 3.
3
Suppose 0 = -3*w + 4*d + 142, w + 0*w + 4*d - 26 = 0. Suppose 0 = -4*h - 16, 13*o + 3*h + w = 16*o. What is the highest common divisor of o and 20?
10
Suppose 1054*f - 210 = 1044*f. What is the highest common divisor of f and 679?
7
Let j = -20 + 29. Suppose -6 = -3*d + 3*m, -5*d + j = -2*d - 2*m. Calculate the highest common divisor of 5 and d.
5
Let k be (-28)/(-6) + (-6)/9. Suppose k*d = -c + 3*c + 46, 106 = -4*c + d. Let l be (-50)/(-3) - (-18)/c. Calculate the greatest common divisor of l and 16.
16
Suppose -1172*b = -1171*b - 154. Calculate the highest common divisor of b and 44.
22
Suppose 4*v + 2 = 5*v. Suppose v*p + 20 = 6*p. Let l(n) = 2*n**2 - 3*n + 5. Let j be l(5). Calculate the greatest common divisor of p and j.
5
Suppose 2*p - 3 + 7 = 0. Let q be 2 - (-2 + (-4)/p). Suppose 0*j + 3*j + 23 = g, 3*j = 3*g - 39. What is the greatest common divisor of g and q?
2
Let r(i) = -i**2 + 36*i - 22. Let n be r(1). Let z be -1 + 2/1 - 0. Calculate the highest common divisor of n and z.
1
Suppose -2*m + 20 + 252 = 4*g, 0 = m - 2*g - 120. What is the highest common divisor of m and 112?
16
Let d be -1 + (-3 + 2)*-4. Suppose d*s = 39 + 84. Calculate the greatest common divisor of s and 41.
41
Let n(u) = -u**3 + 17*u**2 + 2*u + 1. Let x be n(17). Suppose 11 = -4*y + x. Calculate the greatest common divisor of 30 and y.
6
Suppose 2*q - 2*m + 0*m - 62 = 0, -m + 119 = 4*q. What is the highest common factor of 15 and q?
15
Suppose -5*h - 7 = -2*y + 1, -5*h = -5*y + 35. Let t be ((-177)/(-295))/(1/105). Calculate the highest common divisor of y and t.
9
Let i be -1 - -4 - (-14 - 9). Let w = i + -15. Let g be 3 + w + (3 - 2). What is the highest common factor of 105 and g?
15
Let f(k) = 2*k**2 - 13*k + 12. Let p be f(6). Suppose j = -4*x + 36 + 152, -3*x = 3*j - 132. What is the greatest common divisor of x and p?
6
Let v be ((-12)/10)/((-124)/310). What is the highest common factor of 34 and v?
1
Suppose 12*m - 10*m = 4*u - 24, -2*u - 3*m = 4. What is the highest common divisor of 332 and u?
4
Suppose -3 + 7 = -i. Let v = 15 + i. Let q(k) = -k**3 + 12*k**2 + 5*k - 5. Let m be q(v). What is the greatest common factor of 19 and m?
19
Let v = 13 + -7. Suppose -v = -2*y - 3*t, 2 + 6 = 4*t. Let x(k) = -3*k + 17. Let l be x(y). Calculate the greatest common divisor of 119 and l.
17
Let i(d) be the third derivative of -d**6/120 + d**5/20 + 13*d**4/24 - 5*d**3/3 - 5*d**2. Let k be i(5). Calculate the greatest common factor of k and 15.
5
Let i(s) = s**3 + 4*s**2 - 6*s - 5. Let w be i(-5). Suppose w = -3*u - 2*u. Suppose z - 8 = -u*z. What is the highest common factor of z and 2?
2
Suppose 4*s + 3*w = 3798, 1233 = 3*s - 4*w - 1603. What is the highest common factor of 24 and s?
12
Suppose -74 = -5*v + 26. Let h be ((-320)/15)/(2/(-15)). Calculate the greatest common factor of h and v.
20
Let w = -183 - -188. What is the highest common factor of 5 and w?
5
Let p(w) = -w**2 + 8*w - 4. Let z be p(5). Let v = z + -15. Let s = 6 - v. What is the highest common divisor of s and 110?
10
Let h be (0/1)/4 - -3. Suppose -58 = t - h*t. Let a = 33 + 83. What is the greatest common divisor of t and a?
29
Let w = 555 - 271. What is the greatest common divisor of 781 and w?
71
Suppose 3*j = h + 213, 4*j = h + 19 + 264. Calculate the highest common factor of j and 210.
70
Let s(d) = 16 + 16*d - 6*d - 11*d + d**2 - 4*d. Let a be s(7). Let n(t) = 5*t**2 - t + 3. Let g be n(3). Calculate the highest common divisor of g and a.
15
Let z(c) = -4*c - 3. Let d be z(-2). Let w = -123 + 185. Suppose -5*f + w = -13. Calculate the highest common factor of d and f.
5
Suppose -9*d + 7*d + 26 = 0. Let q = -11 - -36. Let y be (d/5)/(5/q). Calculate the highest common divisor of 13 and y.
13
Let o = 15 + -2. Suppose 10*g + 30 = o*g. Suppose 0 = 3*x - 34 + g. Calculate the greatest common divisor of x and 32.
8
Suppose 318 = -2*g + 500. Suppose 3*u = -3*s - 0*s + 24, -2*u + s + 16 = 0. Let v = u - -5. Calculate the highest common divisor of g and v.
13
Let y = -57 + 223. Calculate the highest common divisor of 581 and y.
83
Let j(g) = -g**3 - 4*g**2 - 6*g - 6. Let r be j(-5). Suppose 5*c + 75 + 35 = 0. Let p = c + 29. Calculate the greatest common divisor of r and p.
7
Suppose 5*p = -v + 10, -3*v - 11 = 4*p - 63. Calculate the highest common divisor of v and 980.
20
Let o be (-32)/6*(-18)/12. Let q = o - -11. Let b(z) = 6*z**2 + 2*z - 1. Let m be b(-2). What is the highest common factor of q and m?
19
Suppose -2*c - 26 = -c + 4*s, -2*s = 3*c + 88. Let y be c/4*20/(-3). What is the greatest common divisor of y and 20?
10
Let c(d) = d**3 + 41*d**2 + 146*d - 55. Let v be c(-37). Calculate the greatest common divisor of 19 and v.
19
Let d(m) = 2*m**3 - 7*m**2 + 5*m - 4. Let n be d(3). Suppose 0 = -2*x - 4*f + 204, -x + n*f = 3*f - 106. Calculate the greatest common factor of 10 and x.
10
Suppose 21*u - 49*u + 896 = 0. Let y(t) = 47*t**2 + 1. Let m be y(-1). Calculate the greatest common factor of m and u.
16
Let p = 134 - -82. Calculate the highest common divisor of p and 24.
24
Let j(u) = -u**3 + u**2 - u + 15. Let m be j(0). Suppose 128 = -q + 2*a + 182, -2*a + 246 = 4*q. Calculate the greatest common divisor of m and q.
15
Let h be (-10)/(-15) + ((-1428)/9)/(-2). Suppose 3*f - 1 = 89. Suppose 130 = 5*w + f. Calculate the greatest common divisor of h and w.
20
Let g be 65/52 - (-1142)/8. What is the greatest common divisor of 9 and g?
9
Suppose 11 = -2*j + 15. Suppose j*a = -4*q - 3*a + 37, 2*q - 3*a + 9 = 0. Let x be 120*(-3)/((-9)/q). Calculate the highest common divisor of 30 and x.
30
Let t be -1 - (-2 - -4) - (-1 + 7). Let r be (t/6*-4)/((-4)/(-10)). What is the highest common factor of 20 and r?
5
Let l = -6279 + 6298. Suppose -170 - 1735 = -5*y. Let p = y - 172. Calculate the greatest common divisor of p and l.
19
Suppose -m - 3*m - 3*v = -24, -m - 3*v + 15 = 0. Let c(d) = 5*d + 2. Let g be c(m). What is the highest common divisor of 136 and g?
17
Let v be (-10 + 2)*(10 + -11). Suppose x - 5*f - v - 6 = 0, -3*x = 2*f - 76. What is the highest common divisor of x and 8?
8
Let g = 45 + -20. Let h(q) = 43*q + 17. Suppose -3 = -8*v + 45. Let l be h(v). What is the highest common factor of l and g?
25
Suppose 11*w - 593 = 133. Suppose -3*r = -0*r - w. What is the highest common factor of r and 2?
2
Let b be 72/9 - (16 + -14). Let p be -1 + -2 + 1 - -32. What is the greatest common factor of b and p?
6
Let f = -7 - 1. Let d be ((-10)/f - 0)*4. Suppose -d*k = -15 - 180. Calculate the highest common divisor of 13 and k.
13
Suppose -756 + 870 = 3*h. What is the greatest common divisor of h and 494?
38
Let k(g) = 72*g - 1. Let i be k(2). Let t be 3/9 - i/(-3). Let m(s) = -s + 1. Let l be m(-5). Calculate the highest common divisor of l and t.
6
Let m = -9 + 12. Let n be ((-20)/(-3))/(1/m). Let v = -10 + n. Calculate the greatest common divisor of v and 10.
10
Let t(r) = -8*r - 16. Let s be t(-8). Suppose -2*a = -s + 8. What is the greatest common divisor of a and 220?
20
Let r = 18 - 6. Let g = r - -14. Let c = g + -11. Calculate the highest common divisor of c and 120.
15
Let f = 532 - 235. What is the highest common factor of 54 and f?
27
Let g = 14 + -12. Suppose 3*p - 75 = -g*p. What is the highest common divisor of p and 45?
15
Suppose 0 = 143*g - 379 - 50. Calculate the highest common factor of 1101 and g.
3
Let i = 211 + 43. Suppose -2*l + 3*x + i = 0, -5*l = -5*x + 254 - 879. Let h be (-4)/(-22) + 11836/l. What is the highest common divisor of h a